ided by o?
18
Let t(r) = -2*r - 36. Let k be t(0). Let g(q) = -4*q**2 - q - 2. Let w be g(2). Let l = w - k. Calculate the remainder when l is divided by 5.
1
Suppose 6*s = -5*r + s - 210, -4*s = r + 51. Calculate the remainder when 115 is divided by (-3)/(5 + 204/r).
11
Let o(j) = -3*j**3 + 26*j**2 + 16*j - 10. Calculate the remainder when 149 is divided by o(9).
43
Suppose -5*z - 4*m = -21, 11*z - 5 = 14*z - 2*m. Let s = -6 + 8. What is the remainder when s is divided by z?
0
Calculate the remainder when 18 is divided by (4 - (11 - 1))*(-15)/6.
3
Suppose -9 + 49 = 4*v + 5*l, 59 = 5*v + 4*l. Calculate the remainder when 199 is divided by v.
4
Let n = -186 - -331. Suppose -2*h = -d + 11, 4*h + 4 = 24. What is the remainder when n is divided by d?
19
Suppose -102*o + 311 = -811. Calculate the remainder when 339 is divided by o.
9
Let a(t) = -t**2 - 9*t - 12. Let f be a(-8). Suppose 5*c = 2*d - 6 + 76, -4*c - 4*d = -28. What is the remainder when c is divided by ((-14)/f)/((-1)/(-2))?
5
Suppose -4*z + 2 = -3*z. Let c be ((-3)/z)/((-66)/88). What is the remainder when ((-159)/(-6) - -3)*c is divided by 12?
11
What is the remainder when (1*-3)/((-39483)/(-3951) - 10) is divided by 113?
100
Let s(n) = 20*n - 3. Let p be s(3). Let a = -33 + p. What is the remainder when a is divided by 7?
3
Suppose -4*y + 3*y - 2*i + 21 = 0, -y - 5*i = -30. Suppose 216 = 5*v + 2*f, 2*v - v - 5*f - 27 = 0. Calculate the remainder when v is divided by y.
12
Suppose 2*d - l = 295 + 215, -5*d = -3*l - 1277. Suppose -5*w + d = 63. Calculate the remainder when w is divided by 10.
8
Let d(h) = -h**2 - 16*h - 14. Let k be d(-13). Let r = k + -13. Suppose 0 = p + 3*b - 61, -2*p - 5*b = -5 - 112. Calculate the remainder when p is divided by r.
10
Let j(p) = 4*p**3 - 15*p**2 - 3*p - 10. Calculate the remainder when 795 is divided by j(5).
95
Suppose -5*s + 2*k + 43 = 0, -4*k + 40 = 2*s + 2*s. Let z(j) = -5*j - 4. Calculate the remainder when z(-4) is divided by s.
7
Let a = 114 - 111. Suppose -132 = -4*c + k + a*k, 0 = 2*k - 4. What is the remainder when ((-12)/(-5))/((-4)/(-230)) is divided by c?
33
Suppose 558 = m - 2*s, m + 4*s - 371 - 187 = 0. What is the remainder when m is divided by 80?
78
Suppose 4*d - 10 = 10, 3*b = 3*d + 42. Suppose 11 - b = -4*q. Suppose -2*z - q*z = -32. What is the remainder when z is divided by 3?
2
Let j be (-2)/(-4) + 14/4. Suppose -j*x - 16 = -64. Let i = 1078 + -1043. Calculate the remainder when i is divided by x.
11
Let y = -30 + 51. Calculate the remainder when 69 is divided by 104/6 - (-14)/y.
15
Let g(i) = i**2 + 1. Suppose -5*c = 5, n - 7 = -4*c + 24. What is the remainder when n is divided by g(3)?
5
Let i = 209 + -204. What is the remainder when 7 is divided by i?
2
Suppose -208 = -6*f + 50. What is the remainder when 77 is divided by f?
34
Let c(y) = 5*y - 166. Calculate the remainder when 457 is divided by c(35).
7
Suppose -48 = -2*u - 3*o, -u - 166 = -6*u + 4*o. Suppose -z + 2*z = u. Let j = -23 + z. What is the remainder when 19 is divided by j?
5
Suppose 0 = 3*l + 15, -8*a + l + 380 = -3*a. Let p = a - 36. Calculate the remainder when p is divided by 15.
9
Let j be -3 - (2 + -3 + -2). Suppose 2*s + o = 15, 24 = 4*s + 4*o - j. Calculate the remainder when 299/9 - 2/s is divided by 17.
16
Let x = -1279 - -2200. What is the remainder when x is divided by 116?
109
Let i = -151 - -155. Suppose 0 = i*v - 22*v + 2556. Calculate the remainder when v is divided by 36.
34
Let z = -1055 + 1052. Let x(s) = s**2 - 1. Let q(o) = -o**3 + 2*o**2 + 4*o. Let r(i) = q(i) - 3*x(i). What is the remainder when r(z) is divided by 6?
3
Let s = -377 + 390. What is the remainder when 50 is divided by s?
11
Let l(p) = -2*p**3 - 19*p**2 - 6*p + 69. What is the remainder when 502 is divided by l(-9)?
40
Suppose -72 - 768 = -70*q. Calculate the remainder when 26 is divided by q.
2
Calculate the remainder when (-399)/14*468/(-54) is divided by 50.
47
Let a = 786 - 625. Calculate the remainder when a is divided by 17.
8
Calculate the remainder when 84 is divided by (6 + 1)/(-7) + 16.
9
Suppose -3*p = 3*i - 273, -i = -5*p + 3*p - 85. Let o = -142 + 84. Let l = -35 - o. What is the remainder when i is divided by l?
20
Suppose -w + 79 = -v, 25 = v + 23. What is the remainder when 236 is divided by w?
74
Let p be -9*2*((-13)/6 + 2). Suppose y + 0*x - x = 24, -p*x = -6. Let z = 3 + 6. Calculate the remainder when y is divided by z.
8
Let g(y) = 2*y - 4. Let w be g(-11). Calculate the remainder when (-880)/w - 4/(-26) is divided by 5.
4
Let s(c) = 20*c + 1. What is the remainder when s(3) is divided by (1 + 0)/((-123)/(-2583))?
19
Let s = -317 - -325. Calculate the remainder when 126 is divided by s.
6
Let y = 262 - 108. Calculate the remainder when y is divided by 26.
24
Let w(g) = 3*g**2 + 5*g - 82. What is the remainder when w(6) is divided by 41?
15
Let n = 19 - 21. Let i(u) be the first derivative of -3*u**2 - 3. Calculate the remainder when 23 is divided by i(n).
11
Suppose -6*z + 205 = -z. Let t = z - 31. What is the remainder when 29 is divided by t?
9
Let g(x) = 13*x - 3. Let s be g(-1). Let z = 22 + s. Calculate the remainder when z is divided by 2.
0
Suppose -4*a = -5*y + 190, -3*y + a + 184 = 77. Calculate the remainder when 65 is divided by y.
31
Let t(n) = -n**2 + 7. Let j = 74 + -48. Calculate the remainder when j is divided by t(0).
5
What is the remainder when (-159 - -44)*2/(-10) is divided by 5?
3
Let a(f) = -f**2 + 7*f - 3. Let v be a(6). Let b = 41 - 7. Suppose v*t + 2*l - 4*l = b, -59 = -5*t + l. What is the remainder when 22 is divided by t?
10
Suppose -28*a - 136 + 752 = 0. Calculate the remainder when a is divided by 4.
2
Suppose 0 = 10*s - 8*s. Suppose -7*d + 3*d + 100 = s. What is the remainder when d is divided by 5?
0
Let h(y) = -y**2 - 10*y - 9. Let i be h(-10). Let a(n) = -3*n - 23. Let g be a(i). Suppose 0*f = g*f - 60. Calculate the remainder when f is divided by 9.
6
Suppose 0 = -4*r + h + 106, 236*r - 17 = 235*r + 5*h. Let j = 102 + -73. Let d = -14 + j. What is the remainder when r is divided by d?
12
Let g(w) = -3*w**2 - 3*w + 2. Let j be g(-2). Let z(c) = 9 + 2*c + 0*c - 7*c. Calculate the remainder when z(j) is divided by 8.
5
Suppose 0 = 25*m - 597 - 378. Calculate the remainder when m is divided by 16.
7
Let k(u) = u**2 + 8*u - 2. Let q(d) = -d**3 - 19*d**2 + 16*d - 37. What is the remainder when k(6) is divided by q(-20)?
39
Suppose 3*z - 3*r - 202 - 20 = 0, 5*r = 2*z - 163. Suppose 96 - 24 = 3*y. Calculate the remainder when z is divided by y.
21
Suppose -b - 5*w = -165, b = -b + 4*w + 344. What is the remainder when b is divided by 35?
30
Let k = 182 - 123. Suppose 15 = -11*s + 16*s. Let c = 18 - s. What is the remainder when k is divided by c?
14
Suppose 0 = -32*j + 37*j - 30. Suppose -o - 3*o + 84 = 0. What is the remainder when o is divided by j?
3
Suppose 376*c + 247 = 389*c. Calculate the remainder when 257 is divided by c.
10
Let p = -103 + 103. Calculate the remainder when -1*22*(p - 3) is divided by 14.
10
Let l be (2/(-3))/(6/(-27)). Let g be (28/(-8) + l)*-96. Suppose g - 180 = -3*d. Calculate the remainder when d is divided by 15.
14
Suppose 2*z - 12 + 2 = 4*h, -4*z + 14 = -5*h. Suppose z + 2 = o. What is the remainder when 19 is divided by o?
1
Suppose 16 = o - 9. Suppose -5*i = -8*c + 87, -6*i + 5*i = 5*c - 75. Calculate the remainder when o is divided by c.
11
Suppose -5472*z = -5484*z + 5172. Calculate the remainder when z is divided by 12.
11
Suppose 0 = 2*g - 7*g - 30. Let p(a) = 4*a**2 + 4*a - 19. What is the remainder when p(g) is divided by 17?
16
Let r = 277 - 161. What is the remainder when 463 is divided by r?
115
Let f(p) = -5*p + 1 + 65*p**2 - 60*p**2 - 2*p + p. What is the remainder when f(4) is divided by 15?
12
Let i(z) = 4*z**3 - 2*z**2 + 10*z + 9. Let t = -13 - -46. What is the remainder when i(3) is divided by t?
30
Suppose 164 = 2*h - 2*i, -2*i = 2*h - 120 - 44. Calculate the remainder when h is divided by 17.
14
Let o = -86 - -158. Suppose o = -4*k + 344. What is the remainder when k is divided by 14?
12
Suppose 9*a - 409 - 95 = 0. What is the remainder when 160 is divided by a?
48
Let y = 20 + -16. Suppose 4*u - 432 = -3*j, y*u - 432 = -4*j + 144. What is the remainder when j is divide